{"id":704,"date":"2024-03-11T16:56:36","date_gmt":"2024-03-11T19:56:36","guid":{"rendered":"https:\/\/www.mooudecor.com\/?post_type=product&#038;p=704"},"modified":"2025-05-26T11:37:02","modified_gmt":"2025-05-26T14:37:02","slug":"arandela-tube-elevador-spot","status":"publish","type":"product","link":"https:\/\/www.mooudecor.com\/index.php\/produto\/arandela-tube-elevador-spot\/","title":{"rendered":"Arandela Tube Elevador Spot"},"content":{"rendered":"<figure id=\"attachment_708\" aria-describedby=\"caption-attachment-708\" style=\"width: 525px\" class=\"wp-caption alignnone\"><img fetchpriority=\"high\" decoding=\"async\" class=\"size-large wp-image-708\" src=\"https:\/\/mlaunuxx5xnu.i.optimole.com\/w:591\/h:1024\/q:mauto\/ig:avif\/https:\/\/www.mooudecor.com\/wp-content\/uploads\/2024\/03\/arandela-ElevadorSpot2.png\" alt=\"Arandela Tube Elevador Spot\" width=\"525\" height=\"910\" srcset=\"https:\/\/mlaunuxx5xnu.i.optimole.com\/w:591\/h:1024\/q:mauto\/ig:avif\/https:\/\/www.mooudecor.com\/wp-content\/uploads\/2024\/03\/arandela-ElevadorSpot2.png 591w, https:\/\/mlaunuxx5xnu.i.optimole.com\/w:173\/h:300\/q:mauto\/ig:avif\/https:\/\/www.mooudecor.com\/wp-content\/uploads\/2024\/03\/arandela-ElevadorSpot2.png 173w, https:\/\/mlaunuxx5xnu.i.optimole.com\/w:623\/h:1080\/q:mauto\/ig:avif\/https:\/\/www.mooudecor.com\/wp-content\/uploads\/2024\/03\/arandela-ElevadorSpot2.png 768w, https:\/\/mlaunuxx5xnu.i.optimole.com\/w:35\/h:60\/q:mauto\/ig:avif\/https:\/\/www.mooudecor.com\/wp-content\/uploads\/2024\/03\/arandela-ElevadorSpot2.png 35w, https:\/\/mlaunuxx5xnu.i.optimole.com\/w:52\/h:90\/q:mauto\/ig:avif\/https:\/\/www.mooudecor.com\/wp-content\/uploads\/2024\/03\/arandela-ElevadorSpot2.png 52w, https:\/\/mlaunuxx5xnu.i.optimole.com\/w:350\/h:606\/q:mauto\/ig:avif\/https:\/\/www.mooudecor.com\/wp-content\/uploads\/2024\/03\/arandela-ElevadorSpot2.png 350w, https:\/\/mlaunuxx5xnu.i.optimole.com\/w:auto\/h:auto\/q:mauto\/ig:avif\/https:\/\/www.mooudecor.com\/wp-content\/uploads\/2024\/03\/arandela-ElevadorSpot2.png 800w\" sizes=\"(max-width: 525px) 100vw, 525px\" \/><figcaption id=\"caption-attachment-708\" class=\"wp-caption-text\">Arandela Tube Elevador Spot<\/figcaption><\/figure>\n","protected":false},"excerpt":{"rendered":"<p>Lumin\u00e1ria Tube Elevador &#8211; Veja como funciona esta linda lumin\u00e1ria que vai te proporcionar varias op\u00e7\u014des de posicionamento.<\/p>\n<p>https:\/\/youtube.com\/shorts\/tHDLnCasrBU?feature=share<\/p>\n","protected":false},"featured_media":707,"comment_status":"open","ping_status":"closed","template":"","meta":{"_themeisle_gutenberg_block_has_review":false,"_ti_tpc_template_sync":false,"_ti_tpc_template_id":""},"product_cat":[66,67,28],"product_tag":[73],"class_list":{"0":"post-704","1":"product","2":"type-product","3":"status-publish","4":"has-post-thumbnail","6":"product_cat-abajour","7":"product_cat-arandela","8":"product_cat-luminarias","9":"product_tag-arandela","11":"first","12":"onbackorder","13":"taxable","14":"shipping-taxable","15":"purchasable","16":"product-type-simple"},"_links":{"self":[{"href":"https:\/\/www.mooudecor.com\/index.php\/wp-json\/wp\/v2\/product\/704","targetHints":{"allow":["GET"]}}],"collection":[{"href":"https:\/\/www.mooudecor.com\/index.php\/wp-json\/wp\/v2\/product"}],"about":[{"href":"https:\/\/www.mooudecor.com\/index.php\/wp-json\/wp\/v2\/types\/product"}],"replies":[{"embeddable":true,"href":"https:\/\/www.mooudecor.com\/index.php\/wp-json\/wp\/v2\/comments?post=704"}],"wp:featuredmedia":[{"embeddable":true,"href":"https:\/\/www.mooudecor.com\/index.php\/wp-json\/wp\/v2\/media\/707"}],"wp:attachment":[{"href":"https:\/\/www.mooudecor.com\/index.php\/wp-json\/wp\/v2\/media?parent=704"}],"wp:term":[{"taxonomy":"product_cat","embeddable":true,"href":"https:\/\/www.mooudecor.com\/index.php\/wp-json\/wp\/v2\/product_cat?post=704"},{"taxonomy":"product_tag","embeddable":true,"href":"https:\/\/www.mooudecor.com\/index.php\/wp-json\/wp\/v2\/product_tag?post=704"}],"curies":[{"name":"wp","href":"https:\/\/api.w.org\/{rel}","templated":true}]}}